3. Suppose -4*x + s*x = 0. Suppose -2*h - k = -1, x = 3*h + 4*k + 11. Let l(y) = 2*y**2 - 5*y + 3. Give l(h).
6
Let r be 2/(-8)*10*(-13)/(585/36). Let m(l) be the second derivative of -16*l + 0*l**r + 1/12*l**4 - 7/6*l**3 + 0. Calculate m(6).
-6
Let w be (4/20)/(50/2250). Let i(r) = -r**3 + 9*r**2 + r - 14. What is i(w)?
-5
Suppose 110*y - 231 = -891. Let k(z) = -z**3 - 3*z**2 + 15*z - 17. Give k(y).
1
Let k(f) = f**3 + 2*f**2 - f. Let j be k(1). Let a be (-2)/((-1)/22*j) + -2. Let d be 2/(-5) + 68/a. Let z(g) = -g**3 + 4*g**2 - 3*g + 3. Give z(d).
3
Let m(k) = 76*k + 6. Let v be m(0). Let n(d) = -d**3 + 6*d**2 - 6*d + 10. Determine n(v).
-26
Let q(j) be the first derivative of -2*j**3/3 + 26*j**2 + 60*j - 1134. Determine q(27).
6
Let t(f) be the third derivative of -f**5/30 + f**4/6 - f**3/6 + f**2 + 175*f. Let i be 5*(0 + (-6)/(-10)). What is t(i)?
-7
Suppose -16*h = -270 + 254. Let l(m) = 5*m - 4*m - h + 2 + m**2 + 3*m - 6*m. Suppose y = -5*i + 4*y + 27, 3*i + 11 = -5*y. Give l(i).
4
Let j(w) = w + 8. Let i be 24/(7 - 11) + -2. Give j(i).
0
Let q(w) = 7363 - 6687 - 13*w - 29*w. What is q(16)?
4
Let r(n) = -10*n - 39. Suppose -2*q - 5*z = -15, -2*q = z - 298 + 287. Determine r(q).
-89
Let k(q) = -277707 + 17*q + 22*q + 277658 + 6*q. Determine k(1).
-4
Let x(z) be the third derivative of 19*z**7/2520 + 19*z**4/24 - z**3/3 + 7*z**2 + 5*z. Let n(p) be the second derivative of x(p). Calculate n(1).
19
Suppose 71*c + 210 + 48 = -15*c. Let f(h) = -3*h**2 + 22*h + 89. Calculate f(c).
-4
Let x be (-2879)/((1/4)/(8/(-32))). Let c(w) = -5756 + w**2 + 2878 + x. Determine c(-2).
5
Let b(m) = -m**3 - 27*m**2 + 5*m - 58. Let t be b(-27). Let u = t + 190. Let v(i) = 4*i**2 + 0*i**3 + 3*i + i**3 - 2 + 0*i**2 + 0*i. Determine v(u).
-2
Suppose 0 = 20*x - 1456 + 1396. Let r(f) = -2*f**3 + 10*f - 3. Give r(x).
-27
Let s(u) be the second derivative of 31*u**4/6 - u**2 + 2389*u + 1. Give s(1).
60
Let u(y) = -2*y**2 - 4*y + 2. Let k(p) = -9*p**2 - 29*p + 18. Let c(t) = k(t) - 5*u(t). Determine c(8).
0
Let q = 66 + -580. Let u = -521 - q. Let g(f) = -f**2 - 6*f - 1. What is g(u)?
-8
Let j(v) = v**2 + 11*v + 35. Let m be j(-12). Suppose 0 = 8*o + m - 127. Let c(r) = 2*r + 7. Determine c(o).
27
Let v(d) = d**2 - 2*d + 1. Let r(w) = w**3 + 2*w**2 + 2*w + 2. Let f be ((-1)/4)/((-21)/420). Let i be 0/((f/(-1))/(-5)). Let q be r(i). What is v(q)?
1
Let u = 10 - 14. Let i be u + 9 - (-3 + 6). Let k(x) = -2*x**2 + 27*x - 13*x + i - 21*x + 3*x**2. What is k(7)?
2
Let a be (18/(-4) - 6/(-4))/(18/(-24)). Let l(n) = -n**2 + 13*n - 26. What is l(a)?
10
Let v = 2208 - 2209. Let j(n) = -94*n**2 + 4*n + 1. What is j(v)?
-97
Let o be (-70)/4*((24/30)/2)/(-1). Let y(k) = k**3 - 11*k**2 + 10*k + 5. Give y(o).
-121
Let d(z) be the first derivative of -4*z**2 + 21*z + 4668. Give d(-3).
45
Let g = -66256 - -66249. Let k(m) = -2*m + 8*m**2 + 0*m**3 + 11*m + m**3 - 4. Give k(g).
-18
Suppose 7 = -0*o - o. Let a = o + 6. Let g(v) = -1 - 2*v**2 + 23*v**2 - 27*v**2. Give g(a).
-7
Let p(v) = 3*v**2 - 5*v - 14. Let k be p(-2). Let q(j) = -k + 34*j - 35*j + 11 - 10. Determine q(-6).
-1
Let t(b) = -12*b**2 - 16*b - 15. Let w = -10437 + 10436. What is t(w)?
-11
Suppose -z = x - 6, 3*z + 67 = 3*x + 85. Let b(m) be the second derivative of -1/20*m**5 + x + 5/6*m**4 - 6*m**2 - 7/6*m**3 - 22*m. Calculate b(9).
6
Let z(m) = m**3 - 32*m**2 - m + 9. Suppose 783 + 377 + 56 = 38*h. Calculate z(h).
-23
Let j(u) = -3 - 13*u**2 + 37*u**2 - 15*u**2 + 9*u - 12*u**2. Calculate j(4).
-15
Let b(m) = -m**2 + 4*m + 5. Suppose 128 = 131*p - 163*p. Calculate b(p).
-27
Let u(g) = g + 15. Let t be 5 - 12/30*20. Let i be -2 + 6 - (18 + (-9 - t)). What is u(i)?
7
Let w(u) = -u**2 + u - 1. Let h = 35 + -34. Suppose 0 = -s + 5*d - h, -9 = -2*s - 8*d + 7*d. What is w(s)?
-13
Let t(n) = -2*n - 3. Let j be t(-2). Let z(p) = -2*p - 1. Let g be (5 + -3)/(4/2). Let q(c) = 5*c + 5. Let a(h) = g*q(h) + 5*z(h). What is a(j)?
-5
Let a(h) = 2*h**3 - 5*h + 1. Suppose 242*q + 866 = -191*q. Calculate a(q).
-5
Let m(g) be the third derivative of 0*g + 1/30*g**5 + 0*g**3 + 0 + 1/720*g**6 - 3*g**2 + 3/4*g**4. Let y(o) be the second derivative of m(o). Give y(-5).
-1
Suppose -158*n = -159*n + 1888. Let s(y) = 3*y - n + 1900 - 6*y**2 + y**3 + 0*y. Give s(5).
2
Let b(y) = 11*y - 4. Let l(a) = 2 + 3 - 4. Let u(k) = b(k) + 5*l(k). Let d(o) = -4*o**2 - 39*o + 56. Let z be d(-11). Calculate u(z).
12
Let w(q) = 2*q**3 - 7 + 12*q**2 + 9*q + 17*q + 23*q - 41*q. Determine w(-5).
3
Let g(a) be the first derivative of a**4/24 - a**3/6 - a**2/2 + 5*a + 49. Let v(l) be the second derivative of g(l). What is v(-4)?
-5
Let x = 220 - 217. Let u(b) = 10 - b**2 - 2 - 5 + 2*b - x*b. Determine u(-4).
-9
Let h(a) be the first derivative of a**3/3 + 3*a**2 + 6*a - 1285. Let c be 50/(-8) + (-6)/8. Let o = c + 2. Give h(o).
1
Suppose 19*o + 1470 = 25*o. Let k(p) = 119*p - o*p + 124*p - 13. What is k(-6)?
-1
Let h(z) = -z**2 + 11*z + 27. Let f be 6/5*(7 + 364/(-42)). Give h(f).
1
Let u(d) = 2*d + 1. Let s(o) = 3*o - 3. Suppose 4*c = j - 22, 3*j + 4*c + 3 = -11. Let l(t) = j*s(t) + 6*u(t). Suppose -v - 2*v = -3. Give l(v).
18
Let b = -16 + 23. Let c(q) = q**3 - q**2 + 4*q + 8. Let p be c(0). Let w(i) = 6*i**2 - i**3 + 22*i + 28*i - p - 41*i. What is w(b)?
6
Let z(r) be the first derivative of r**4/24 + r**3 + r**2/2 - 9*r - 80. Let m(g) be the second derivative of z(g). Determine m(6).
12
Let k(z) = z**2 + 5*z - 5. Suppose 16*u = -21*u - 148. Give k(u).
-9
Let p(t) = -t**2 + 6*t + 19. Suppose 0 = 5*o + 20, 3*g + 7*o = 2*o - 20. Suppose g = 21*i - 47*i + 234. Calculate p(i).
-8
Let i = -263 - -274. Let o(l) = -2*l**3 + 23*l**2 - 6*l - 54. Let j be o(i). Let p(z) = -4*z**2 - z + 1. Calculate p(j).
-4
Let h(m) = -5*m - 1. Let a(l) = 2 - 2 + 390*l - 363*l. Let u(f) = a(f) + 5*h(f). What is u(6)?
7
Let j(t) = -2*t + 3. Suppose -30*q = -16*q - 2604. Let k be (q/155)/(6/5 + -1). Calculate j(k).
-9
Let m(d) be the second derivative of -d**4/6 + d**3/2 - d**2/2 + 10*d. Let o(r) = -2 + 1 + r - 3 + 1. Let c be o(6). Give m(c).
-10
Let c(u) = -3*u**2 + 8*u + 3. Let r be 15/6 - 3/6*823. Let x = r - -413. Calculate c(x).
-13
Let s(w) = -25*w**3 + 5*w**2 - 18*w + 28. Let n(l) = 129*l**3 - 25*l**2 + 92*l - 143. Let q(o) = 6*n(o) + 31*s(o). Calculate q(4).
2
Let q(y) be the first derivative of 1/360*y**6 - 6*y**3 + 0*y**2 + 1/24*y**5 + 0*y + 15 - 1/3*y**4. Let m(b) be the third derivative of q(b). Give m(-7).
6
Let m = -1263 - -1254. Let d(i) = -2*i**2 - 18*i - 17. Calculate d(m).
-17
Let o(d) = -7*d**3 - 3*d**3 + 15*d**3. Let f(k) = -2 - 6 - 61*k + 60*k. Let u be f(-7). Give o(u).
-5
Suppose -7*g = -13 - 8. Suppose 0*o = -2*h - o + 10, 0 = -g*h + o + 25. Let x(m) = -h*m + 7*m + m. Determine x(3).
3
Let b(c) = -1 - 1 + 1 - 3*c - c**2. Suppose 0 = -6*g + x - 13, -9*g + 1 = -11*g + x. Give b(g).
-1
Let l(h) = -2825*h**2 - 5*h - h**3 - 5 + 5638*h**2 - 2808*h**2. Give l(6).
-71
Let g(h) = h**3 + 5*h**2 + 30*h - 8. Let u(z) = -z**3 - 6*z**2 - 27*z + 7. Let x(k) = 5*g(k) + 6*u(k). Determine x(-10).
22
Suppose 2*c + 7*b = 3*b + 26, 0 = -3*c + b + 18. Suppose 8*f + 55 = c. Let h(w) = 2*w**2 + 9*w + 1. Give h(f).
19
Let x(k) = 4947 - k**2 - 4943 + 0*k**2. Let i(n) = -n - 5. Let l be i(-9). Suppose 2*s + l = 12. Calculate x(s).
-12
Suppose -10*h + 5*h + 4*s + 46 = 0, -4*h - s + 41 = 0. Let g(q) = -5*q - 12 + 5*q**2 - 14*q**2 + h*q**2. Calculate g(7).
2
Suppose 19 - 4 = o. Let d(v) = -o*v - 2 - 4 + 13*v + 5. Give d(2).
-5
Let z(l) = -l + 8 - 16 + 7. Let v = 213 - 213. What is z(v)?
-1
Let w = 24 - 14. Suppose -9*f + w = -7*f. Let m(p) = 5*p**2 + p. Let a(v) = 16*v**2 - 3*v + 5. Let i(d) = a(d) - 3*m(d). Give i(f).
0
Let f = 1 - -1. Let m(q) = 2*q**2 + 51*q + 78. Let r be m(-24). Suppose -6*n + r = -f*n + 2*p, 3*n = -4*p - 8. Let c(h) = -h**3 + 4*h**2 - h + 1. Give c(n).
-3
Let n(z) = -z**3 + 8*z**2 - 5*z - 5. Let l be 4*(-5)/(-6)*(-24)/20. Let d be 3/l - (-1115)/20. Let p = d - 48. Give n(p).
9
Let z(j) = -6*j**3 + 0*j + 3*j - 7*j**2 + 9 + 5*j**3. Let q = 1419 - 1426. Calculate z(q).
-12
Let p be (-1292)/204 - -5 - (1 + 50/(-6)). Let c(x) = 1 - 4 + 4*x - 4. Calculate c(p).
17
Let z(k) = k**3 - 13*k**2 + 5*k - 73. Let t be z(13). Let d(x) be the first derivative of x**3/3 + 7*x**2/2 + 12*x -